 251. What are the prime factors of p(b)?
3, 11
Let f(z) = -24*z - 9. List the prime factors of f(-10).
3, 7, 11
What are the prime factors of (-536)/(-10)*(-1225)/(-98)?
2, 5, 67
Let w be (-20)/(-5) - (1 - 0). Suppose -5*t - w*i + 1 = -2, -i = -t + 7. Let p = t + 5. What are the prime factors of p?
2
Let h(w) = 3*w**2 + 4*w - 3. Let y be h(2). Let k = 20 - y. Suppose k*f - q - 81 = q, -q - 3 = 0. List the prime factors of f.
5
Let i = 27 - 35. Let m = i + -9. Let g = 23 + m. What are the prime factors of g?
2, 3
Let q be (-1)/4*4 + 35/(-1). What are the prime factors of (-3468)/q - 2/6?
2, 3
Let y(p) = -13*p + 1. Suppose 5*q + 6 = -4. Let o be y(q). Let n = o - 4. List the prime factors of n.
23
Let o be (-141)/(-15) + (-2)/5. What are the prime factors of 3/o*183*1?
61
Let q(d) = -2*d**3 - 7*d**2 + d + 8. Let c be q(-5). Let k = c - -18. List the prime factors of k.
2, 3
Suppose -5*q = -4*q - 5. Suppose q*c - 564 = -c. List the prime factors of c.
2, 47
Let p = -5050 - -8768. What are the prime factors of p?
2, 11, 13
Let v = -8 - 25. Let g = -19 - v. Suppose 4 - 2 = 2*k + p, 2*p = 2*k - g. What are the prime factors of k?
3
Suppose 7 - 1 = -2*v. Let k = v - 3. List the prime factors of 0 + (-16)/12*k.
2
Suppose 5*n - 2*t - 1113 = 0, 3*n - 674 = 3*t - 8*t. List the prime factors of n.
223
Let c = -1843 + 2611. Suppose 0 = 5*w + w - c. Let i = w + -84. What are the prime factors of i?
2, 11
Suppose 1611 = h - 2*f, 3*h - 2495 - 2365 = -3*f. What are the prime factors of h?
3, 7, 11
Suppose 34 = -4*t + 226. Let u = -10 + t. What are the prime factors of u?
2, 19
Suppose 0 = 5*d + y - 955, 7*y - 12*y - 955 = -5*d. List the prime factors of d.
191
Let s(o) = 24*o + 17. List the prime factors of s(7).
5, 37
List the prime factors of 1039 + (-9 - -9) + 2 + 1.
2, 521
Let p(m) = m**2 + 7*m + 9. Let d be p(-6). Suppose -2*n + 280 = 4*c, d*c - 3*n - 194 - 7 = 0. What are the prime factors of c?
3, 23
Let i = -2 + 5. Suppose -5*l + 2 = 4*t, 0*l + i*l - 4 = -t. What are the prime factors of ((-27)/12)/(t/32)?
2, 3
Suppose -2*d + 3*c + 12631 = 3*d, -c + 3 = 0. What are the prime factors of d?
2, 79
Let h = -420 + 415. Let p(d) = -3*d + 17 + 2*d**2 - 1 - 4. List the prime factors of p(h).
7, 11
Suppose 4*l + 1628 = 2*o, -3*o - l + 1604 = -817. List the prime factors of o.
2, 101
Suppose -7*q + 14 + 35 = 0. Suppose 6*y - q*y + 198 = 0. What are the prime factors of y?
2, 3, 11
Suppose m = -4*r + 1684, -2*m + 842 = 2*r + m. List the prime factors of r.
421
Suppose -x + 3*j = -6*x + 4, -4*x + 2*j + 12 = 0. Suppose -198 = -4*q + x*h, 3*q - 90 = q - 2*h. What are the prime factors of q?
2, 3
Let s(b) = -b**3 + 8*b**2 + b - 5. Let c be s(8). Suppose -13 = 4*o - c*o + 2*m, 0 = 2*m - 4. Let w = 21 - o. List the prime factors of w.
2, 19
Suppose -2*o - 3*u = -7*o + 330, 0 = 5*o + 3*u - 300. Let i = o + 17. List the prime factors of i.
2, 5
Suppose j - 33*z - 930 = -32*z, 2810 = 3*j + 2*z. List the prime factors of j.
2, 467
Suppose -67*y + 75*y = 6832. List the prime factors of y.
2, 7, 61
Let l(v) = 7*v + 2. Let r be l(6). Suppose 5*y - y = r. Suppose 0 = -2*x + 3*t + 27, 2*t = x - 0*x - y. List the prime factors of x.
3, 7
Let m(v) = v**3 - v**2 - 3*v + 3730. What are the prime factors of m(0)?
2, 5, 373
Let s(n) = 6*n**2 + 7*n - 8. Let i be s(11). Suppose -14*w + 9*w = -i. What are the prime factors of w?
3, 53
Let k(v) = 2*v - 37. Let m be k(23). List the prime factors of 353/3 + 3/m.
2, 59
Suppose 27*j + 10119 = 30*j. List the prime factors of j.
3373
Let g = 4760 - 2530. List the prime factors of g.
2, 5, 223
Suppose 6*q - 36 = 5*b + 3*q, 3*b = q - 20. Let p be (b/(-9))/((-4)/12). What are the prime factors of 55 - (p + 1)*3?
2, 29
Let k = -22 + 24. Suppose k*s - 13 + 1 = 0. What are the prime factors of s?
2, 3
Let d = -5 + 9. Suppose 59 - 12 = j + 4*c, -d*c = -j + 7. Suppose 0 = -r - 4*l + j, 146 = -0*r + 3*r - l. What are the prime factors of r?
47
Suppose -9*q + 8*q = -665. List the prime factors of q.
5, 7, 19
Let l(y) be the first derivative of -y**3/3 + 5*y**2 - 3*y - 2. Let t be l(6). List the prime factors of -7*(-1 - 51/t).
2, 3
Let y be -2*(-2751)/12*2. Suppose 232 = u - 2*q - 81, -5*q = 3*u - y. Suppose -4*t - u = -5*x, 69 - 11 = x + 3*t. What are the prime factors of x?
61
Let w be (-1)/(1/(3 - 4)). Let r be w/4 - (-1)/(-4). Suppose -4*v + 4*g + 34 = -2*v, r = -4*v + 4*g + 76. List the prime factors of v.
3, 7
Let n = 3 - -4. Let l = n + -5. Suppose -r - l*r = -72. What are the prime factors of r?
2, 3
Suppose 0 = 26*t - 63*t + 170903. List the prime factors of t.
31, 149
Suppose 2*d + 2*d - 120 = 0. Let k be (9 - -1)*(-12)/d. Let t = 14 + k. What are the prime factors of t?
2, 5
Suppose 9 = -8*h - 87. Suppose 7*u - 100 = 2*u. Let j = h + u. List the prime factors of j.
2
Suppose 2 = w - 2. Suppose -3*i + w*z = 5*z + 47, 3*i + 49 = z. Let k = 9 - i. List the prime factors of k.
5
Let s(h) = -h**3 - 6*h**2 + h + 8. Suppose u + 2 = -4. Let t be s(u). Suppose -6*y + f + 82 = -y, 4 = -t*f. What are the prime factors of y?
2
What are the prime factors of 10/15 - (-30040)/30?
2, 3, 167
Let q be (-2)/(-11) + 11424/88. Suppose -6*p + q = -4*p. List the prime factors of p.
5, 13
Let a(g) = 44*g**2 + 3*g + 3. Suppose -8 + 20 = -4*l - 4*t, -t = -2*l. What are the prime factors of a(l)?
2, 11
Let p = -8 - -10. Suppose -5*a = -5, -3*w + 160 = -a + p*a. What are the prime factors of w?
53
Let z be 14/119 - (-270)/17. Suppose l + z = 5*l. Suppose -n = 2*n + c - 13, l*c = -20. What are the prime factors of n?
2, 3
Let f be -2 - (1 + -3 + 87). Let h = f - -156. What are the prime factors of h?
3, 23
Suppose 21*o + o = 44792. What are the prime factors of o?
2, 509
Let g(s) = 20*s + 8. Let u be g(-8). Let t = 323 + u. List the prime factors of -6*(t/6)/(-3).
3, 19
Suppose 0 = 3*x + 4*o - 1973, 646 = -2*x + 3*x - o. Suppose -f - 6*f + x = 0. List the prime factors of f.
3, 31
Suppose 5*v = 29 + 16. Let g = v - 6. Suppose 5*t + 3 = g*t - 5*c, 3*t - 4*c = 53. What are the prime factors of t?
11
Let t(n) = 3*n - 33. Let r be t(11). Suppose r = h + 4*h - 480. What are the prime factors of h?
2, 3
Let x = 642 - -777. List the prime factors of x.
3, 11, 43
What are the prime factors of (-308781)/(-231) - (-3)/(63/6)?
7, 191
Suppose 0 = -1174*t + 1184*t - 18220. What are the prime factors of t?
2, 911
Suppose -5*p - 2 = -4*p. Let l be -2 + (2 - p) - -31. Suppose 5*k - 26 = -r + 29, 2*r = 3*k - l. What are the prime factors of k?
11
Suppose 4*z + 4*i = 52, -5*z + 0*i + 61 = 3*i. Let r be (-62)/(-4) + z/(-22). Let d = r + -10. List the prime factors of d.
5
Let p = 84 - -83. Let s = -79 + p. List the prime factors of s.
2, 11
Suppose 0*u - 175 = -5*u. Suppose 4*a - 13 = u. What are the prime factors of (-396)/(-15) + a/20?
3
Let b be (-8 + 4 + -1)*1. Let r(c) = -c + 15. What are the prime factors of r(b)?
2, 5
Let v(l) be the third derivative of 4*l**2 - 1/3*l**3 + 1/8*l**4 + 0*l + 0. List the prime factors of v(11).
31
Let p = -21 + 21. Suppose p = 3*x - 284 + 35. List the prime factors of x.
83
Let p = 16 - 14. List the prime factors of (1/(-3))/(p/(-534)).
89
Let c(d) = d**2 + 3. Let f be c(3). List the prime factors of (3 - (-136)/f)*3.
43
Suppose -7*t + 3*t + 96 = 0. Suppose 194 = 7*o - 744. List the prime factors of 16/t + o/6.
23
Let f = 1325 - 526. List the prime factors of f.
17, 47
Let v be ((-3)/(-4))/((-8 + 2)/(-864)). Suppose v + 182 = 5*j. What are the prime factors of j?
2, 29
Let f(s) = -s**3 + 6*s**2 + s + 11. Let i be f(6). Let q(c) = -c**3 + 5*c**2 + 5*c. Let n be q(6). What are the prime factors of i + n + (-4)/2?
3
Let g(u) = -161*u + 7. Let s(p) = 320*p - 14. Let k(c) = 9*g(c) + 4*s(c). List the prime factors of k(-1).
2, 11
Suppose -5*z + 8 = -42. Let o = z + -19. Let q(j) = -j**3 - 9*j**2 - 3*j - 6. List the prime factors of q(o).
3, 7
Let n = -10 + -13. Let v(c) = 5*c + 22. Let b be v(-7). Let o = b - n. What are the prime factors of o?
2, 5
Let t(h) = -45*h - 4. Let s be t(-3). Let g = 344 - s. What are the prime factors of g?
3, 71
Suppose 2*q + 14 = -4*s, -8 = s - 2*q + 3. Let f(j) = 2*j**2 + 4*j + 2. Let w be f(-3). Let p = w + s. What are the prime factors of p?
3
Let w(i) be the second derivative of -19*i**6/720 + i**5/30 + 7*i**4/12 - 3*